ded by 21?
20
What is the remainder when 1086189 is divided by 12?
9
Calculate the remainder when 13605 is divided by 81.
78
Calculate the remainder when 391898 is divided by 130630.
8
What is the remainder when 13326 is divided by 112?
110
Calculate the remainder when 618 is divided by 137.
70
What is the remainder when 9988 is divided by 4994?
0
Calculate the remainder when 189599 is divided by 480.
479
Calculate the remainder when 15894 is divided by 371.
312
Calculate the remainder when 1087 is divided by 267.
19
Calculate the remainder when 33873 is divided by 2604.
21
Calculate the remainder when 1825 is divided by 569.
118
Calculate the remainder when 4170 is divided by 187.
56
What is the remainder when 778013 is divided by 593?
590
Calculate the remainder when 46916 is divided by 2.
0
Calculate the remainder when 1902686 is divided by 45.
41
What is the remainder when 152117 is divided by 483?
455
What is the remainder when 199583 is divided by 224?
223
Calculate the remainder when 38554 is divided by 12837.
43
What is the remainder when 140848 is divided by 81?
70
What is the remainder when 10680 is divided by 5242?
196
What is the remainder when 100740 is divided by 25185?
0
Calculate the remainder when 18976 is divided by 372.
4
What is the remainder when 1530 is divided by 295?
55
What is the remainder when 217294 is divided by 127?
124
What is the remainder when 172817 is divided by 681?
524
Calculate the remainder when 12860 is divided by 413.
57
What is the remainder when 970878 is divided by 1589?
1588
What is the remainder when 16242 is divided by 36?
6
Calculate the remainder when 2140 is divided by 702.
34
Calculate the remainder when 288711 is divided by 54.
27
What is the remainder when 2604 is divided by 858?
30
What is the remainder when 18082 is divided by 476?
470
What is the remainder when 18584 is divided by 6182?
38
Calculate the remainder when 2331 is divided by 45.
36
Calculate the remainder when 382831 is divided by 872.
23
Calculate the remainder when 3081 is divided by 407.
232
What is the remainder when 1248 is divided by 50?
48
Calculate the remainder when 11152 is divided by 1424.
1184
Calculate the remainder when 7145 is divided by 187.
39
What is the remainder when 104737 is divided by 355?
12
Calculate the remainder when 104661 is divided by 97.
95
Calculate the remainder when 11460 is divided by 497.
29
Calculate the remainder when 201507 is divided by 2263.
100
Calculate the remainder when 241 is divided by 73.
22
What is the remainder when 85251 is divided by 203?
194
Calculate the remainder when 4878 is divided by 102.
84
Calculate the remainder when 3015 is divided by 2996.
19
What is the remainder when 114807 is divided by 57385?
37
Calculate the remainder when 656 is divided by 80.
16
What is the remainder when 1421 is divided by 1206?
215
Calculate the remainder when 205 is divided by 24.
13
What is the remainder when 47607 is divided by 418?
373
What is the remainder when 127888 is divided by 92?
8
Calculate the remainder when 21385 is divided by 345.
340
What is the remainder when 6809 is divided by 213?
206
Calculate the remainder when 1576 is divided by 1334.
242
Calculate the remainder when 924 is divided by 99.
33
What is the remainder when 320383 is divided by 13?
11
Calculate the remainder when 25879 is divided by 117.
22
What is the remainder when 9099 is divided by 246?
243
Calculate the remainder when 19084 is divided by 62.
50
Calculate the remainder when 105387 is divided by 72.
51
What is the remainder when 7124 is divided by 3560?
4
What is the remainder when 128437 is divided by 36?
25
What is the remainder when 653898 is divided by 52?
50
Calculate the remainder when 59806 is divided by 2.
0
What is the remainder when 18084 is divided by 61?
28
Calculate the remainder when 31765 is divided by 9499.
3268
Calculate the remainder when 2080909 is divided by 22.
17
What is the remainder when 357301 is divided by 22?
21
Calculate the remainder when 132403 is divided by 97.
95
Calculate the remainder when 19039 is divided by 140.
139
What is the remainder when 145943 is divided by 72970?
3
What is the remainder when 7764 is divided by 2578?
30
What is the remainder when 6428 is divided by 40?
28
Calculate the remainder when 3343 is divided by 16.
15
Calculate the remainder when 257845 is divided by 213.
115
What is the remainder when 6249 is divided by 1972?
333
Calculate the remainder when 5681 is divided by 14.
11
Calculate the remainder when 369197 is divided by 400.
397
What is the remainder when 138602 is divided by 95?
92
Calculate the remainder when 15275 is divided by 209.
18
What is the remainder when 623 is divided by 212?
199
Calculate the remainder when 807 is divided by 510.
297
Calculate the remainder when 123884 is divided by 45.
44
What is the remainder when 38689 is divided by 317?
15
Calculate the remainder when 5905 is divided by 5761.
144
Calculate the remainder when 10103 is divided by 192.
119
Calculate the remainder when 8760 is divided by 8461.
299
Calculate the remainder when 20446 is divided by 11.
8
What is the remainder when 377974 is divided by 7?
2
Calculate the remainder when 41 is divided by 1.
0
What is the remainder when 16924 is divided by 705?
4
What is the remainder when 876307 is divided by 2169?
31
Calculate the remainder when 6640 is divided by 977.
778
What is the remainder when 845 is divided by 7?
5
Calculate the remainder when 251565 is divided by 125777.
11
Calculate the remainder when 1452 is divided by 70.
52
What is the remainder when 909157 is divided by 122?
13
Calculate the remainder when 146313 is divided by 267.
264
What is the remainder when 1805 is divided by 78?
11
Calculate the remainder when 1404231 is divided by 849.
834
Calculate the remainder when 432073 is divided by 982.
975
What is the remainder when 146819 is divided by 5642?
127
What is the remainder when 108708 is divided by 108684?
24
Calculate the remainder when 220157 is divided by 64.
61
What is the remainder when 8258 is divided by 492?
386
What is the remainder when 97424 is divided by 13?
2
What is the remainder when 3049 is divided by 22?
13
Calculate the remainder when 28248 is divided by 404.
372
Calculate the remainder when 3718 is divided by 39.
13
What is the remainder when 1547 is divided by 217?
28
Calculate the remainder when 56774 is divided by 94.
92
What is the remainder when 6815 is divided by 31?
26
Calculate the remainder when 10189 is divided by 2537.
41
Calculate the remainder when 13093 is divided by 45.
43
Calculate the remainder when 1123515 is divided by 174.
171
Calculate the remainder when 9706 is divided by 1212.
10
What is the remainder when 227680 is divided by 7?
5
Calculate the remainder when 20484 is divided by 2600.
2284
Calculate the remainder when 77278 is divided by 483.
481
What is the remainder when 130751 is divided by 5?
1
Calculate the remainder when 113158 is divided by 246.
244
What is the remainder when 363583 is divided by 181790?
3
Calculate the remainder when 223862 is divided by 1791.
1778
Calculate the remainder when 23360 is divided by 4670.
10
Calculate the remainder when 42205 is divided by 8432.
45
What is the remainder when 600371 is divided by 66707?
8
What is the remainder when 299530 is divided by 327?
325
What is the remainder when 115237 is divided by 4609?
12
What is the remainder when 46767 is divided by 127?
31
What is the remainder when 35039 is divided by 162?
47
What is the remainder when 2048 is divided by 188?
168
Calculate the remainder when 147593 is divided by 84.
5
What is the remainder when 288442 is divided by 23?
22
Calculate the remainder when 7214 is divided by 11.
9
What is the remainder when 7364 is divided by 295?
284
What is the remainder when 107859 is divided by 106?
57
What is the remainder when 420 is divided by 300?
120
Calculate the remainder when 5694 is divided by 419.
247
Calculate the remainder when 17696 is divided by 8503.
690
What is the remainder when 8258 is divided by 284?
22
Calculate the remainder when 5477 is divided by 685.
682
Calculate the remainder when 15258 is divided by 5074.
36
Calculate the remainder when 104786 is divided by 17.
15
What is the remainder w